 remainder when 152 is divided by 31?
28
What is the remainder when 314 is divided by 15?
14
What is the remainder when 330 is divided by 83?
81
Calculate the remainder when 12322 is divided by 85.
82
What is the remainder when 112 is divided by 23?
20
Calculate the remainder when 274 is divided by 161.
113
What is the remainder when 2367 is divided by 23?
21
What is the remainder when 173 is divided by 42?
5
What is the remainder when 91 is divided by 14?
7
What is the remainder when 143 is divided by 60?
23
Calculate the remainder when 71 is divided by 20.
11
Calculate the remainder when 1245 is divided by 402.
39
What is the remainder when 45 is divided by 8?
5
Calculate the remainder when 524 is divided by 90.
74
Calculate the remainder when 3032 is divided by 56.
8
What is the remainder when 967 is divided by 190?
17
What is the remainder when 66 is divided by 12?
6
What is the remainder when 143 is divided by 36?
35
What is the remainder when 152 is divided by 26?
22
Calculate the remainder when 438 is divided by 22.
20
What is the remainder when 102 is divided by 27?
21
Calculate the remainder when 206 is divided by 21.
17
Calculate the remainder when 419 is divided by 388.
31
What is the remainder when 79 is divided by 45?
34
What is the remainder when 74 is divided by 34?
6
Calculate the remainder when 216 is divided by 74.
68
Calculate the remainder when 141 is divided by 34.
5
Calculate the remainder when 118 is divided by 26.
14
Calculate the remainder when 12 is divided by 11.
1
Calculate the remainder when 339 is divided by 320.
19
Calculate the remainder when 975 is divided by 16.
15
What is the remainder when 28 is divided by 5?
3
What is the remainder when 680 is divided by 115?
105
What is the remainder when 111 is divided by 6?
3
What is the remainder when 251 is divided by 28?
27
Calculate the remainder when 870 is divided by 69.
42
Calculate the remainder when 27 is divided by 8.
3
Calculate the remainder when 972 is divided by 124.
104
Calculate the remainder when 141 is divided by 44.
9
What is the remainder when 3689 is divided by 82?
81
Calculate the remainder when 7519 is divided by 40.
39
Calculate the remainder when 64 is divided by 39.
25
Calculate the remainder when 18521 is divided by 189.
188
What is the remainder when 153 is divided by 75?
3
Calculate the remainder when 102 is divided by 31.
9
What is the remainder when 13452 is divided by 345?
342
What is the remainder when 1909 is divided by 4?
1
What is the remainder when 184 is divided by 6?
4
What is the remainder when 59155 is divided by 23?
22
Calculate the remainder when 93 is divided by 12.
9
Calculate the remainder when 3378 is divided by 19.
15
What is the remainder when 1715 is divided by 190?
5
What is the remainder when 666 is divided by 330?
6
What is the remainder when 10770 is divided by 171?
168
Calculate the remainder when 220 is divided by 80.
60
What is the remainder when 463 is divided by 29?
28
Calculate the remainder when 260 is divided by 34.
22
What is the remainder when 1104 is divided by 362?
18
What is the remainder when 109 is divided by 37?
35
Calculate the remainder when 1288 is divided by 19.
15
What is the remainder when 66 is divided by 24?
18
Calculate the remainder when 982 is divided by 13.
7
Calculate the remainder when 53 is divided by 14.
11
Calculate the remainder when 165 is divided by 43.
36
Calculate the remainder when 32 is divided by 4.
0
Calculate the remainder when 21 is divided by 10.
1
Calculate the remainder when 3242 is divided by 59.
56
Calculate the remainder when 13686 is divided by 117.
114
What is the remainder when 237 is divided by 35?
27
Calculate the remainder when 167 is divided by 38.
15
Calculate the remainder when 38 is divided by 7.
3
Calculate the remainder when 31 is divided by 5.
1
Calculate the remainder when 917 is divided by 40.
37
What is the remainder when 184 is divided by 94?
90
What is the remainder when 28 is divided by 14?
0
Calculate the remainder when 106 is divided by 3.
1
What is the remainder when 57 is divided by 55?
2
Calculate the remainder when 18613 is divided by 107.
102
What is the remainder when 76 is divided by 33?
10
What is the remainder when 8636 is divided by 863?
6
What is the remainder when 38 is divided by 4?
2
Calculate the remainder when 798 is divided by 27.
15
What is the remainder when 258 is divided by 43?
0
What is the remainder when 302 is divided by 101?
100
Calculate the remainder when 52 is divided by 8.
4
What is the remainder when 240 is divided by 72?
24
What is the remainder when 3095 is divided by 12?
11
Calculate the remainder when 5229 is divided by 86.
69
What is the remainder when 3317 is divided by 45?
32
What is the remainder when 1166 is divided by 26?
22
Calculate the remainder when 534 is divided by 526.
8
Calculate the remainder when 546 is divided by 182.
0
Calculate the remainder when 120 is divided by 63.
57
What is the remainder when 594 is divided by 117?
9
Calculate the remainder when 102 is divided by 79.
23
What is the remainder when 5291 is divided by 22?
11
What is the remainder when 150 is divided by 58?
34
What is the remainder when 402 is divided by 28?
10
Calculate the remainder when 856 is divided by 177.
148
What is the remainder when 1057 is divided by 225?
157
What is the remainder when 56 is divided by 22?
12
What is the remainder when 22 is divided by 10?
2
What is the remainder when 305 is divided by 17?
16
What is the remainder when 129 is divided by 34?
27
What is the remainder when 3174 is divided by 29?
13
Calculate the remainder when 418 is divided by 106.
100
Calculate the remainder when 260 is divided by 24.
20
Calculate the remainder when 3023 is divided by 84.
83
What is the remainder when 2352 is divided by 54?
30
What is the remainder when 33 is divided by 6?
3
Calculate the remainder when 1435 is divided by 11.
5
Calculate the remainder when 80 is divided by 73.
7
Calculate the remainder when 1633 is divided by 21.
16
What is the remainder when 265 is divided by 12?
1
What is the remainder when 323 is divided by 105?
8
Calculate the remainder when 6276 is divided by 86.
84
What is the remainder when 2119 is divided by 230?
49
What is the remainder when 2398 is divided by 80?
78
What is the remainder when 391 is divided by 14?
13
Calculate the remainder when 170 is divided by 5.
0
Calculate the remainder when 2145 is divided by 86.
81
What is the remainder when 573 is divided by 14?
13
Calculate the remainder when 330 is divided by 116.
98
What is the remainder when 106 is divided by 56?
50
What is the remainder when 61 is divided by 26?
9
Calculate the remainder when 429 is divided by 45.
24
What is the remainder when 11773 is divided by 157?
155
What is the remainder when 2588 is divided by 16?
12
Calculate the remainder when 233 is divided by 40.
33
Calculate the remainder when 103 is divided by 33.
4
Calculate the remainder when 92 is divided by 48.
44
What is the remainder when 179 is divided by 77?
25
What is the remainder when 1078 is divided by 65?
38
What is the remainder when 6287 is divided by 27?
23
What is the remainder when 1031 is divided by 258?
257
What is the remainder when 4909 is divided by 2447?
15
What is the remainder when 270 is divided by 95?
80
What is the remainder when 252 is divided by 77?
21
Calculate the remainder when 3541 is divided by 1166.
43
Calculate the remainder when 5140 is divided by 53.
52
What is the remainder when 216 is divided by 58?
42
What is the remainder when 632 is divided by 136?
88
What is the remainder when 156 is divided by 46?
18
Calculate the remainder when 470 is divided by 222.
26
What is the remainder when 724 is divided by 34?
10
Calculate the remainder when 848 is divided by 79.
58
What is the remainder when 64 is divided by 11?
9
Calculate the remainder when 162 is divided by 49.
15
Calculate the remainder when 220 is divided by 29.
17
What is the remainder when 368 is divided by 62?
58
Calculate the remainder when 540 is divided by 178.
6
Calculate the remainder when 578 is divided by 516.
62
What is the remainder when 389 is divided by 269?
120
What is the remainder when 195 is divided by 96?
3
What is the remainder when 312 is divided 